Suppose 13*z = 480 + 729. Suppose -4*f + 339 = -z. What are the prime factors of f?
2, 3
Let b(c) = -61*c + 3150. List the prime factors of b(0).
2, 3, 5, 7
Let s = -136 + 141. Suppose s*p - 12 - 63 = 0. What are the prime factors of p?
3, 5
Suppose -4*k + u + 50 = 0, -k - 3*u + 14 = -4*u. Suppose -y + k = -4*n, -5*y + 16 + 23 = n. What are the prime factors of y?
2
Suppose -7*m - 535 = -2*m. Let d = 8 + m. List the prime factors of (-2)/(-3*(-1)/d).
2, 3, 11
Let t(m) = -24*m**3 + 4*m**2 - m + 18. What are the prime factors of t(-5)?
3, 347
Let i(b) = b + 9. Let h be i(-8). Let x(q) = -4*q - 2 - h - 9*q + 2*q - q**3 - 10*q**2. What are the prime factors of x(-9)?
3, 5
Let w(j) = 163*j + 597. List the prime factors of w(18).
3, 11, 107
Suppose 0 = -7*y + 5*y. Suppose y = -o - 6 - 26. Let p = 38 + o. List the prime factors of p.
2, 3
Let t(j) = 2*j - 18. Let g be t(0). Let n = g - -80. Suppose 0*o + 3*o - f - n = 0, -5*o = -5*f - 90. List the prime factors of o.
2, 11
Let o = -22 + 40. Let d be (-12)/o - (-50)/(-6). Let a = 35 + d. List the prime factors of a.
2, 13
Suppose 0 = 4*h + h. Suppose 2*n - 5*j - 294 = h, -2*n + 3*j = j - 288. What are the prime factors of n?
2, 71
Suppose 4*v + 9 = -5*u - 1, 5*v = 3*u - 31. Suppose -78 = -u*g + g. List the prime factors of g.
2, 3, 13
Let b(k) = k**3 + 5*k**2 + 3*k + 8. Let p be b(-4). Suppose -5*h + 277 = p. What are the prime factors of h?
53
Let n(d) be the first derivative of -3*d**2/2 - d + 1. Let m be n(-1). Suppose 14 = 3*v + 4*r, -m = 2*r - 0*r. List the prime factors of v.
2, 3
Let j = 192 + -142. What are the prime factors of j?
2, 5
Let q(z) = -z. Let i(f) = 6*f + 69. Let r(h) = i(h) + q(h). What are the prime factors of r(0)?
3, 23
Let p(q) = 8*q**2 + 107*q - 10. List the prime factors of p(-29).
3, 5, 241
Let n(s) = -3*s**2 + s**3 + s + s**2 - 5*s**2 - 4. Let l be n(7). What are the prime factors of (-1 - 1)*(-1 - l)?
2
Let j(g) = g**3 - 21*g**2 - 5*g + 156. What are the prime factors of j(24)?
2, 3, 7
Let b(c) = 14*c - 57. Let y(q) = q + 10. Let r be y(7). What are the prime factors of b(r)?
181
Let x(n) = -4 - 3*n**3 + 7 - 7*n + 8*n**3 - 4*n**3 + 5*n**2. Let v be x(-6). Let z = 0 + v. List the prime factors of z.
3
Suppose 7*p = 16 + 5. Suppose 21 = p*a + 2*c, 3 - 11 = -4*a + 4*c. Suppose 0 = -3*r - i + 19, -1 = r + a*i + 2. What are the prime factors of r?
7
Let i(v) = 3*v**2 - 10*v + 3. List the prime factors of i(20).
17, 59
Suppose 4*k - 4 + 16 = 4*i, -8 = -4*k. Suppose -4*s + 3*s = 2*p - 75, -32 = -p + i*s. List the prime factors of p.
37
Suppose 0*i - i = -3. Suppose 0 = -2*m - i*m + 160. What are the prime factors of m?
2
Let s be (3/3)/((-2)/((-24)/3)). What are the prime factors of s - -112 - (3 - 2)?
5, 23
Let i = -43 - 127. Let a = 351 + i. List the prime factors of a.
181
Let q(t) be the second derivative of -5*t**3/6 - t**2/2 + 3*t. Let v be q(-1). Suppose 20 = w + 5*u, -5 = -v*w + 4*u + u. What are the prime factors of w?
5
Let z(r) = -15*r - 6 + 17*r + 8*r. List the prime factors of z(4).
2, 17
What are the prime factors of 2251 - (-30)/(-40)*-4?
2, 7, 23
Suppose 8 = 4*w, -3*w + 29 = 5*m + 3. Let j be ((-690)/(-45))/(m/6). Suppose -83 + j = -x + 5*i, 3*x + 4*i = 180. What are the prime factors of x?
2, 3, 5
Let t = 108 + -85. Suppose 0 = t*w - 19*w - 340. List the prime factors of w.
5, 17
Let u = -461 - -1040. List the prime factors of u.
3, 193
Suppose 3*m = 741 - 285. Suppose 5*z - 2*s + 199 = 0, -m = 4*z + s + s. Let f = z + 72. What are the prime factors of f?
3, 11
Suppose -17*m = -12*m + 220. Let f = 74 - m. List the prime factors of f.
2, 59
Let f = -2604 + 4343. List the prime factors of f.
37, 47
Suppose -7*d - 2 = -23. Suppose d*m - 7 = 2*m. What are the prime factors of m?
7
Let d(q) = 8*q**2 + 3*q - 3. Let k be d(2). Suppose -6 = -w - h, -4*w - 3*h - 13 = -k. Suppose -62 - 50 = -w*p. What are the prime factors of p?
2, 7
Let m(i) = -3 - i**2 + 6*i - 7 + 7*i. Let x be (-2 - 2)*(-10)/4. What are the prime factors of m(x)?
2, 5
Let u(n) = 16*n + 28. Let p be u(-10). Let a = p + 207. What are the prime factors of a?
3, 5
Let i(a) = 0 - 3 + 4*a + a**2 + 0. Suppose 4*t + 37 = -5*b, 4*b - 2*t = 2*b - 4. What are the prime factors of i(b)?
2
Let f = 80 - 34. Let b = 114 - f. What are the prime factors of b?
2, 17
Suppose 0 = -5*g + 3 - 8. What are the prime factors of (14/21)/(g/(-33))?
2, 11
Let a be (6/(-4))/(2/(-4)). Let t be 4/(-10) - ((-1720)/50 - 4). Suppose 0 = -4*f - 3*u + u + t, -7 = -f - a*u. List the prime factors of f.
2, 5
Let f(s) = 35*s**2 + 1 - 9 - 34*s**2 - 5*s. Let y be f(6). List the prime factors of y + (-2 + -35)/(-1).
5, 7
Suppose -13*b + 33*b = 3040. What are the prime factors of b?
2, 19
List the prime factors of 24/(-48)*(0 + -2452).
2, 613
Suppose 2*d = 4*l - 8, -d - 2 = -3*l + 6. Suppose l*a - 2 = 3*b, -3*a + 4*b + 2 = -3. List the prime factors of 4/(-11 + a)*-111.
37
Let s = 80 - 123. Let l = -18 - s. List the prime factors of l.
5
Suppose 4*j - 18 = 22. Suppose 5*c = 3*q + q - 80, 2*c = -2*q + 40. Let f = q + j. List the prime factors of f.
2, 3, 5
Suppose -3*r + 3*v = -5*r + 607, 305 = r + 2*v. List the prime factors of r.
13, 23
Suppose -3*r + 8 = -4. Suppose -r*g + 192 = -128. Suppose 5*v = v + g. What are the prime factors of v?
2, 5
Suppose 9*r = 4*r. Suppose 4*c = -6*y + 2*y, r = 3*y - c - 4. Let s(a) = 28*a**3 + 2*a**2 - 2*a + 1. What are the prime factors of s(y)?
29
Let f(h) = -h**3 + 29*h**2 + 25*h. List the prime factors of f(28).
2, 7, 53
Suppose k + 4459 = 5*d, -3*d = -8*d - 3*k + 4463. List the prime factors of d.
2, 223
Let s(n) = -2*n**3 + 5*n**2 - 8*n + 12. What are the prime factors of s(-5)?
7, 61
Let q be 7/((-70)/(-4)) - 536/(-10). Suppose 0 = -2*n + 132 + q. List the prime factors of n.
3, 31
Suppose 4*j - 461 = 399. Suppose 11 = 4*o + j. Let r = o - -100. List the prime factors of r.
7
What are the prime factors of 532 + 6 + 0/(-4)?
2, 269
What are the prime factors of 15*(-4 - (-1064)/40)?
3, 113
Let k be (100/40)/(1/(-24)). Let i = k - -156. List the prime factors of i.
2, 3
Suppose 2*c = 6*c, -2*l + 14 = 3*c. Suppose 0 = 2*a - 4*b + l*b - 8, a = -2*b + 2. List the prime factors of a.
2, 5
Suppose -6*v + 1545 = -1527. What are the prime factors of v?
2
Let q = -1074 - -2001. What are the prime factors of q?
3, 103
Suppose 26*z - 23623 + 7659 = 0. List the prime factors of z.
2, 307
Let v(m) = 7*m**2 - 39*m - 148. What are the prime factors of v(31)?
2, 3, 5, 179
Let f(t) = 86*t - 3. Let r be f(1). Let n = r + 31. List the prime factors of n.
2, 3, 19
Let p(i) = -7*i**2 + 3*i + 2. Let b be p(2). Let m be -37*(2 + 0)/(-2). Let d = b + m. List the prime factors of d.
17
Let m(n) = -n**2 + 4*n + 1. Let s be m(3). Suppose -2*z = -5*j + 3 + 6, 2*j - 42 = -s*z. Suppose -3*q + 185 - z = 0. What are the prime factors of q?
59
Suppose -5*w + 100 = 4*n, 2*n + 20 = 6*n. Suppose 0 = 3*u + 11 - 47. Let t = w - u. What are the prime factors of t?
2
Let d = -766 + 1325. List the prime factors of d.
13, 43
Suppose 5*h + 2*l - 72 = 0, l = h - 0*l - 20. Suppose 4 = 2*r + h. What are the prime factors of ((-45)/r)/(9/84)?
2, 5, 7
Let z(y) = y**3 - 30*y**2 + 78*y + 67. What are the prime factors of z(29)?
2, 3, 31
Let x be 4 + -6 + 4 - (3 - -2). Let k(i) = 18*i**2 - 2*i - 13. What are the prime factors of k(x)?
5, 31
Suppose -1376 = -l - 3*l. Suppose -l = -6*d + 46. List the prime factors of d.
5, 13
Suppose 9*m = 1516 + 1490. List the prime factors of m.
2, 167
List the prime factors of 2514*(80/102 + 6/(-51)).
2, 419
Let c(j) = j**3 + 15*j**2 - 17*j - 16. Let z be (-270)/17 + (-6)/51. Let d be c(z). Suppose 5*t - 3*b - 112 = d, 4*t - 56 = t - b. List the prime factors of t.
2, 5
Let d(k) = -7*k + 3. Let a be d(-3). Suppose 11*f - 10*f - a = 0. What are the prime factors of f?
2, 3
Suppose 0 = -25*d + 59*d - 28696. List the prime factors of d.
2, 211
Let i(m) = 11*m**3 + 5*m**2 - 2*m + 2. List the prime factors of i(3).
2, 13
Let r = 522 + -214. What are the prime factors of r?
2, 7, 11
Let l = 13 - 7. Let u = l - 6. Suppose 3*s + 42 = 4*b, -5*b + 66 = -u*b + 3*s. List the prime factors of b.
2, 3
Let i = 122 + 1026. List the prime factors of i.
2, 7, 41
List the prime factors of (-104 - -107)*-123*(-4)/18.
2, 41
Let g(r) be th